 11, what is -709 + -530417?
-531025
In base 12, what is 5123b - 1281?
4bb7a
In base 10, what is 96 - 362568?
-362472
In base 14, what is -1 - 4aaa667?
-4aaa668
In base 15, what is -1c5806b - -3?
-1c58068
In base 12, what is 853477aa + 1?
853477ab
In base 2, what is 11100000011110111 + -10011110?
11100000001011001
In base 8, what is 37441 + 2204?
41645
In base 16, what is -11314 - 4c1?
-117d5
In base 9, what is -51227 - 226?
-51454
In base 15, what is -1870c3 - -2a?
-187098
In base 7, what is 0 - -6552363224?
6552363224
In base 10, what is 3 + -23578261?
-23578258
In base 14, what is 8 + 575c07b?
575c085
In base 3, what is 120 - -1112212200221110?
1112212200222000
In base 15, what is 51 + 105ebb?
10601c
In base 6, what is 3200442 - -214?
3201100
In base 13, what is 648 - -1449?
1a94
In base 5, what is -22332234 + -2040?
-22334324
In base 4, what is -11010 + -120210020?
-120221030
In base 7, what is 350663235 + 20?
350663255
In base 15, what is -5 + -456a6a?
-456a70
In base 15, what is 39bb + 11d?
3ad9
In base 7, what is -3155523 + -123?
-3155646
In base 12, what is -33003 + -2117?
-3511a
In base 9, what is -15 + 18583576?
18583561
In base 14, what is 17211 + -172b?
158c4
In base 2, what is -10100001110110 - -10010010100?
-10001111100010
In base 13, what is -695 + 143?
-552
In base 12, what is -455 + -5b52b?
-5b984
In base 5, what is 0 + -14313020433?
-14313020433
In base 6, what is -2 - 1525121244?
-1525121250
In base 2, what is 10001110001001011110 - -1100010?
10001110001011000000
In base 14, what is -b - -50ba9ba?
50ba9ad
In base 10, what is 0 + 1117447?
1117447
In base 11, what is 15a - 427a29?
-42787a
In base 9, what is -35300 + -16576?
-52876
In base 14, what is 156d + 3178?
4707
In base 4, what is 1102000232321 + -23?
1102000232232
In base 7, what is 212033 - 3314?
205416
In base 5, what is -21444312231 - -2?
-21444312224
In base 4, what is 10 + 1222321122331?
1222321123001
In base 15, what is 3 - 7b0b37?
-7b0b34
In base 2, what is -1010110101010000101 - -100000110?
-1010110100101111111
In base 10, what is -4 + -8681207?
-8681211
In base 7, what is 124 + -13445015?
-13444561
In base 2, what is 1001001000101100001010010010 - -1?
1001001000101100001010010011
In base 14, what is -16502d - -42?
-164dcb
In base 4, what is 11331 + 3212113311?
3212131302
In base 6, what is -1425420 + -3525?
-1433345
In base 16, what is 254 - 5246f?
-5221b
In base 7, what is -14325106 + -40?
-14325146
In base 7, what is 16603 - -103664?
123600
In base 14, what is 151d + -3999?
-247a
In base 2, what is 11010 + -1011001001101110010101?
-1011001001101101111011
In base 9, what is -14478 - -11322?
-3156
In base 2, what is -1110100111101110111110 + 11?
-1110100111101110111011
In base 14, what is -21 + -32973?
-32994
In base 11, what is -11 - 956a11?
-956a22
In base 11, what is 1 + -1420319a?
-14203199
In base 5, what is -2 - -404242314?
404242312
In base 14, what is 67ad2c - d?
67ad1d
In base 3, what is 11021201210021 - -120?
11021201210211
In base 7, what is -12 + -405026513?
-405026525
In base 14, what is 20 + -851b6d?
-851b4d
In base 15, what is -2 - -642910?
64290d
In base 9, what is -77384 - 207?
-77602
In base 10, what is -851247 + -32?
-851279
In base 15, what is 2 + -5e0996?
-5e0994
In base 12, what is 51 + -624b44b?
-624b3ba
In base 12, what is -718602 - 1b?
-718621
In base 10, what is -15348195 - 0?
-15348195
In base 14, what is -52869 + -13?
-5287c
In base 4, what is -10103 + 1020311301?
1020301132
In base 2, what is -110001001011000100111 - 1000?
-110001001011000101111
In base 4, what is -1121220230 - 1100?
-1121221330
In base 4, what is -300 + -222310023122?
-222310030022
In base 6, what is -22 - -34345452?
34345430
In base 2, what is 10011101110111001100010 + -1010?
10011101110111001011000
In base 2, what is -1000110110101110101011 + -10?
-1000110110101110101101
In base 13, what is -384330 - -2?
-38432b
In base 2, what is -100111110101 + -10100010101101111?
-10100111101100100
In base 12, what is a875a - b?
a874b
In base 8, what is 0 - 56310?
-56310
In base 3, what is -121112102102112 - 11?
-121112102102200
In base 13, what is -9082 + -40?
-90c2
In base 13, what is 0 - 744a0c?
-744a0c
In base 16, what is 7b2dc - -4a2?
7b77e
In base 9, what is -10230 - -5061?
-4158
In base 11, what is 1 + -866867a0?
-8668679a
In base 16, what is 773a4ef - 4?
773a4eb
In base 14, what is -2697 + 24c2?
-1b5
In base 7, what is 4311 - -526002?
533313
In base 6, what is 141 + 23024045?
23024230
In base 4, what is -22021 + 30003200?
23321113
In base 2, what is 100010100000011011111 - 100?
100010100000011011011
In base 16, what is 2a7 - -1751d?
177c4
In base 8, what is 456143 - 511?
455432
In base 2, what is -1001111011000010010001 - 1011010?
-1001111011000011101011
In base 4, what is -13102111 + 1120023?
-11322022
In base 3, what is 11010202 - 20101101?
-2020122
In base 2, what is -10110001100110100 - -101001110001?
-10101100011000011
In base 7, what is -141 + 5306616?
5306445
In base 13, what is -23616 + 53a?
-230a9
In base 5, what is -230202434434 + -10?
-230202434444
In base 5, what is 13433001241 - -1?
13433001242
In base 9, what is -161354630 - 2?
-161354632
In base 7, what is -231 - 11021110?
-11021341
In base 7, what is -3365 - -32241?
25543
In base 8, what is -1577311417 - -2?
-1577311415
In base 10, what is -3111 + 5297?
2186
In base 15, what is -1d + -505c4?
-505e2
In base 14, what is 0 + -4c928d?
-4c928d
In base 3, what is -20 - -20200201002011?
20200201001221
In base 10, what is 52 - 1261743?
-1261691
In base 7, what is 56614506 - -5?
56614514
In base 4, what is -3 + -103233200121303?
-103233200121312
In base 3, what is 10111120 + -1020100002?
-1002211112
In base 6, what is -4 - -21145552224?
21145552220
In base 15, what is 4 + -2e369?
-2e365
In base 10, what is -375224 + 379?
-374845
In base 16, what is 95e7119 + -2?
95e7117
In base 9, what is 1730728 + 0?
1730728
In base 10, what is 2786218 - 0?
2786218
In base 12, what is 3 + a2029?
a2030
In base 14, what is -959d - 147?
-9706
In base 3, what is -120222001020012202 + -10?
-120222001020012212
In base 14, what is 46 - 38233a?
-3822d4
In base 2, what is 11110010011110 - 1000000000101010?
-100001110001100
In base 15, what is -17cc372 - 2?
-17cc374
In base 6, what is -425032 - -54?
-424534
In base 10, what is 67 - 153717?
-153650
In base 14, what is -5aa0 + -d5c6?
-15286
In base 10, what is 13680328 - 2?
13680326
In base 11, what is 109a + -1618?
-529
In base 5, what is -314 - 11220141340?
-11220142204
In base 7, what is -3 + 65430542?
65430536
In base 13, what is -16 - 267221?
-267237
In base 8, what is -2277103424 + -1?
-2277103425
In base 13, what is 2cb - -42200?
424cb
In base 3, what is -1221210002122 + -1?
-1221210002200
In base 12, what is -174 + -317126?
-31729a
In base 11, what is -149 + -12177?
-12315
In base 4, what is -1102 - -13132321332?
13132320230
In base 10, what is -7342 - 20390?
-27732
In base 6, what is 205 + 1521301?
1521510
In base 10, what is 3817 + -856?
2961
In base 11, what is -31333 - -33a?
-30aa4
In base 4, what is 0 - 1131311023212?
-1131311023212
In base 12, what is 1584 + -52aa?
-3926
In base 3, what is 12 + -12110200012010?
-12110200011221
In base 8, what is 556436 - -246?
556704
In base 4, what is 3203033130 + 133?
3203033323
In base 4, what is 302103 - -22113101?
23021210
In base 14, what is 1 + d30698?
d30699
In base 14, what is 1a4d + b5?
1b24
In base 8, what is 51 + 73672661?
73672732
In base 11, what is 7912999 - 1?
7912998
In base 6, what is 114233331233 + 4?
114233331241
In base 7, what is -2500264 + -3?
-2500300
In base 5, what is -1313020033033 - 10?
-1313020033043
In base 4, what is 2230102302 - 20333?
2230021303
In base 7, what is 464655 + -50?
464605
In base 12, what is 3b12108 + 5?
3b12111
In base 7, what is 50613 + 50416?
131332
In base 6, what is 1350 + -34435352?
-34434002
In base 13, what is 4a + -47b136?
-47b0b9
In base 14, what is 3 - 52c0a7c?
-52c0a79
In base 6, what is -431 - 240442?
-241313
In base 5, what is -2214010212344 + -4?
-2214010212403
In base 3, what is -2102112222111 + -2210?
-2102120002021
In base 5, what is 31341211 + -12211?
31324000
In base 16, what is -7 + -3377e19?
-3377e20
In base 8, what is -1 + -61570474?
-61570475
In base 11, what is 7245 +